what is -24 + -5034?
-5102
In base 10, what is 5 - -8709?
8714
In base 15, what is -37ad7 - -2?
-37ad5
In base 16, what is f8b + 16?
fa1
In base 15, what is -1 - -7177?
7176
In base 5, what is -40000 - -13?
-34432
In base 12, what is 5011 - 1?
5010
In base 7, what is -31605564 - -3?
-31605561
In base 5, what is 111300343 + 3?
111300401
In base 11, what is -80 - 8134?
-8204
In base 10, what is -7 - 113811?
-113818
In base 7, what is 4 + -136351?
-136344
In base 14, what is -17 - -dd3?
dba
In base 6, what is -23354 - -50?
-23304
In base 2, what is -100100 - 1010010011110?
-1010011000010
In base 15, what is 2 - -122c8?
122ca
In base 11, what is -149 + 99?
-60
In base 9, what is 4 - -6877?
6882
In base 2, what is 0 + 1000000011010001?
1000000011010001
In base 4, what is 33301212202 - -2?
33301212210
In base 15, what is 0 - -48ca1?
48ca1
In base 16, what is 41 - -24e?
28f
In base 13, what is 1223 + 21?
1244
In base 4, what is -113 - -220231?
220112
In base 12, what is 15 - 13a2?
-1389
In base 4, what is -1313302 - 1323?
-1321231
In base 8, what is -2222 + -1427?
-3651
In base 10, what is -3 - 308284?
-308287
In base 7, what is 21200614 + -2?
21200612
In base 16, what is 5 - 8248b?
-82486
In base 12, what is -8 - 107930?
-107938
In base 10, what is -3 - -36391?
36388
In base 7, what is -15412 - -22?
-15360
In base 15, what is -10 + 2554?
2544
In base 6, what is 11101041 - 1?
11101040
In base 8, what is -554 - 26?
-602
In base 10, what is -4 - -44188?
44184
In base 9, what is 1 + 27704?
27705
In base 10, what is -21 + -340?
-361
In base 12, what is 13 + -841?
-82a
In base 3, what is 1002100 + -2122?
222201
In base 10, what is 0 - -88355?
88355
In base 5, what is 14013312 - -10?
14013322
In base 11, what is 12 - -31207?
31219
In base 11, what is 7 - -136974?
136980
In base 15, what is -729e7 + -2?
-729e9
In base 14, what is 5 + -2cbb?
-2cb6
In base 14, what is 1587b1 + -3?
1587ac
In base 11, what is 289 - -77?
355
In base 16, what is -6 + -6c6?
-6cc
In base 4, what is 10220123 + -2022?
10212101
In base 15, what is 2 + 10b9dc?
10b9de
In base 9, what is -77 + 11328?
11241
In base 4, what is -100310002 - -11?
-100303331
In base 13, what is -92b + 29?
-902
In base 14, what is -5d088 + 2?
-5d086
In base 12, what is -323 + -21?
-344
In base 4, what is -1 + -102023203?
-102023210
In base 9, what is -3 - 444175?
-444178
In base 3, what is 110000111 - -10112?
110011000
In base 15, what is 4 + -7017?
-7013
In base 16, what is 305 + f62?
1267
In base 14, what is 5 - 2797?
-2792
In base 8, what is -45732 - -35?
-45675
In base 13, what is -c + -a511?
-a520
In base 9, what is 5 - 35663?
-35657
In base 16, what is 76d - 10b?
662
In base 2, what is -11111 - 10010101001011?
-10010101101010
In base 11, what is -732 + -910?
-1542
In base 16, what is 13 + 3db?
3ee
In base 13, what is -a70a2 + 1?
-a70a1
In base 16, what is 393 + db?
46e
In base 2, what is -10010001001 - 110110?
-10010111111
In base 7, what is 2503643 + 5?
2503651
In base 9, what is 31 - -3272?
3313
In base 11, what is -1826 + a?
-1817
In base 5, what is -2 - -224044?
224042
In base 3, what is 122202002201 + -1?
122202002200
In base 8, what is -1 + 23305?
23304
In base 2, what is 1100101000 + -100011000?
1000010000
In base 14, what is d258 - 4?
d254
In base 11, what is -55012 + 1?
-55011
In base 7, what is -5335 - -301?
-5034
In base 3, what is 11020201 + 1002011?
12022212
In base 15, what is -29ac82 - 2?
-29ac84
In base 9, what is -1 + -301083?
-301084
In base 4, what is -12 + 3300212?
3300200
In base 15, what is -72e + -26?
-755
In base 5, what is -4 + -103442?
-104001
In base 8, what is -2 - -650660?
650656
In base 8, what is 467550 + 5?
467555
In base 9, what is 33 + 53061?
53104
In base 7, what is 3036 + -1103?
1633
In base 9, what is 24 + 1217?
1242
In base 6, what is 444030 - -3?
444033
In base 12, what is -60a + -b?
-619
In base 14, what is 62a6 - -2b?
62d3
In base 12, what is 8 - 1a3466?
-1a345a
In base 15, what is 12d8 + -9?
12ce
In base 3, what is -20 + 201000?
200210
In base 7, what is 0 - 365602?
-365602
In base 14, what is -2 + -6b95?
-6b97
In base 4, what is 10100 - -1023?
11123
In base 4, what is 21201302202 - 3?
21201302133
In base 8, what is 2 + 13656?
13660
In base 7, what is -5 - 14345514?
-14345522
In base 3, what is 2201020212112 - 10?
2201020212102
In base 13, what is 1467 - 1a?
144a
In base 7, what is -6 - 20633?
-20642
In base 3, what is -12221 + -21001?
-110222
In base 3, what is 102002011012 - 1?
102002011011
In base 4, what is -12220 + 1130022?
1111202
In base 6, what is 13045 + 15?
13104
In base 13, what is 219a1 + -2?
2199c
In base 6, what is 544 - -1342?
2330
In base 11, what is -8 + -60a65?
-60a72
In base 10, what is 4876 - 2?
4874
In base 8, what is 5 + 3672501?
3672506
In base 4, what is 311112323 + -3?
311112320
In base 8, what is 5 - 22561?
-22554
In base 13, what is 29255 - -4?
29259
In base 10, what is -4 - 523?
-527
In base 12, what is -491b55 - -4?
-491b51
In base 15, what is -2d - -32aa?
327c
In base 4, what is -331222322 - 3?
-331222331
In base 5, what is 101 - 2144020?
-2143414
In base 10, what is -62 - 2503?
-2565
In base 3, what is 120122220102 + -2?
120122220100
In base 7, what is 2 + 134304?
134306
In base 6, what is 11034522 + -4?
11034514
In base 12, what is 114 - -508?
620
In base 3, what is 111022210 - 22?
111022111
In base 7, what is 4 - 35163?
-35156
In base 6, what is -1145 + -14423?
-20012
In base 2, what is -1 - 11111011010100011010?
-11111011010100011011
In base 13, what is b21a + -3?
b217
In base 15, what is -4 + -b07?
-b0b
In base 5, what is -141141 + 22?
-141114
In base 13, what is 1949c + -3?
19499
In base 10, what is 383 - 500?
-117
In base 12, what is -2 + 46673?
46671
In base 2, what is -10010011111001010 + 0?
-10010011111001010
In base 12, what is -10b7 - -9?
-10aa
In base 2, what is -1011 + -1101011101?
-1101101000
In base 9, what is 2677 - -35?
2723
In base 9, what is -52 - 42582?
-42644
In base 11, what is -1282 + 5?
-1278
In base 3, what is -2 - -1000112222?
1000112220
In base 13, what is -a166 + -3?
-a169
In base 10, what is 14 - 30371?
-30357
In base 9, what is 23842 + -66?
23765
In base 4, what is 23102213 + -10?
23102203
In base 10, what is -6565 + -3?
-6568
In base 11, what is -60 + 1781?
1721
In base 3, what is 10 - -1111120111212?
1111120111222
In base 6, what is -311322 + 1?
-311321
In base 9, what is 2 + 11477?
11480
In base 5, what is 124 - -1204014?
1204143
In base 11, what is 42288 + -4?
42284
In base 9, what is -5204 - -14?
-5180
In base 14, what is 19 - -85c?
877
In base 7, what is 306026 + 4?
306033
In base 8, what is 6 - 51150?
-51142
In base 13, what is -3b62 + -37?
-3b99
In base 2, what is -1010110110010 + 1100?
-1010110100110
In base 7, what is -125 - -11063?
10635
In base 13, what is 8a593 + 0?
8a593
In base 5, what is -143012 - 11?
-143023
In base 8, what is 131 + -4250?
-4117
In base 14, what is 2 - d16a4?
-d16a2
In base 15, what is 1ed + c3?
2c1
In base 6, what is 14 - 1221545?
-1221531
In base 5, what is 213 + -113212?
-112444
In base 13, what is 4721 + 11?
4732
In base 2, what is 110011110111110 - -1?
110011110111111
In base 14, what is 4 + 34dd?
3503
In base 7, what is -4335 + -320?
-4655
In base 16, what is -7 - 19698?
-1969f
In base 16, what is -5 - -113ea?
113e5
In base 12, what is -65 + -21?
-86
In base 8, what is -377 + -5521?
-6120
In base 3, what is 10102 - 1221000?
-1210121
In base 12, what is 64 + -1258?
-11b4
In base 11, what is 5 + -16576?
-16571
In base 5, what is -13441123 + 31?
-13441042
In base 3, what is -220 - -11201212001?
11201211011
In base 16, what is -c3 + 49?
-7a
In base 14, what is -4 - 9b90?
-9b94
In base 2, what is -10100110 - 100000011?
-110101001
In base 6, what is 3034 - 14?
3020
In base 9, what is -166 + 3052?
2775
In base 12, what is 15 - -bb5?
100a
In base 2, what is 11 - -1001000101110011?
1001000101110110
In base 9, what is -38468 + 2?
-38466
In base 3, what is -11101 - 1121210?
-1210011
In base 7, what is -3 - -42563?
42560
In base 6, what is -31443 - 4?
-31451
In base 7, what is -21502 - 16?
-21521
In base 3, what is -12 + -11202202211?
-11202210000
In base 8, what is -5 + 2677457?
2677452
In base 15, what is -5ac1b - 5?
-5ac21
In base 6, what is 410440 + -3?
410433
In bas